{"id":3063,"date":"2024-08-28T12:13:18","date_gmt":"2024-08-28T17:13:18","guid":{"rendered":"https:\/\/q1dapyf5zv.onrocket.site\/?post_type=product&#038;p=3063"},"modified":"2025-10-20T22:20:36","modified_gmt":"2025-10-21T04:20:36","slug":"hoja-excel-arqueo-caja-chica","status":"publish","type":"product","link":"https:\/\/taxid.mx\/english\/tienda\/papel-de-trabajo\/herramientas-para-contadores\/hoja-excel-arqueo-caja-chica\/","title":{"rendered":"Excel format for petty cash audit"},"content":{"rendered":"<p><strong>Excel Sheet Formulated for Petty Cash Audits<\/strong><\/p>\n<p>Optimize and simplify the management of your petty cash with our Excel spreadsheet. This format is designed to facilitate the control and recording of cash movements, allowing you to perform audits efficiently and accurately. With preconfigured sections, you can record income, expenses, initial and final balances, as well as detect any discrepancies immediately.<\/p>\n<p>Ideal for small and medium-sized businesses, this format helps you maintain strict and transparent control of your petty cash, ensuring that every peso is accounted for. It also includes automatic formulas that calculate totals and generate a summary of the cash count, saving you time and minimizing errors.<\/p>\n<p><strong>Highlighted Features:<\/strong><\/p>\n<ul>\n<li><strong>Automatic formulas:<\/strong> They simplify the calculation of totals and differences.<\/li>\n<li><strong>Preconfigured sections:<\/strong> They facilitate the recording of each petty cash movement.<\/li>\n<li><strong>Summary of the survey:<\/strong> Provides a clear view of the status of your petty cash at the end of the day.<\/li>\n<li><strong>Intuitive and easy-to-use design:<\/strong> Perfect for those looking for efficient control without complications.<\/li>\n<\/ul>\n<p>This formulated sheet is an essential tool for maintaining solid financial control in your business, ensuring accuracy and transparency in the management of your resources.<\/p>\n<span class=\"et_bloom_bottom_trigger\"><\/span>","protected":false},"excerpt":{"rendered":"<p>Download our Excel spreadsheet to easily perform petty cash audits. Control income and expenses with automatic formulas and daily summary.<\/p>","protected":false},"featured_media":3668,"comment_status":"open","ping_status":"closed","template":"","meta":{"_et_pb_use_builder":"","_et_pb_old_content":"","_et_gb_content_width":"","_joinchat":[]},"product_brand":[],"product_cat":[159,160,74],"product_tag":[232,233,234,235,231],"class_list":{"0":"post-3063","1":"product","2":"type-product","3":"status-publish","4":"has-post-thumbnail","6":"product_cat-herramientas-para-contadores","7":"product_cat-herramientas-para-empresarios","8":"product_cat-papel-de-trabajo","9":"product_tag-caja-chica-excel","10":"product_tag-caja-chica-formato","11":"product_tag-corte-caja-chica","12":"product_tag-excel-caja-chica","13":"product_tag-formato-caja-chica","15":"first","16":"instock","17":"downloadable","18":"virtual","19":"purchasable","20":"product-type-simple"},"yoast_head":"<!-- This site is optimized with the Yoast SEO plugin v27.3 - https:\/\/yoast.com\/product\/yoast-seo-wordpress\/ -->\n<title>FORMATO EN EXCEL ARQUEO DE CAJA CHICA<\/title>\n<meta name=\"description\" content=\"Descarga nuestra hoja en Excel para realizar arqueos de caja chica f\u00e1cilmente. Controla ingresos y egresos con f\u00f3rmulas autom\u00e1ticas y resumen diario.\" \/>\n<meta name=\"robots\" content=\"index, follow, max-snippet:-1, max-image-preview:large, max-video-preview:-1\" \/>\n<link rel=\"canonical\" href=\"https:\/\/taxid.mx\/english\/tienda\/papel-de-trabajo\/herramientas-para-contadores\/hoja-excel-arqueo-caja-chica\/\" \/>\n<meta property=\"og:locale\" content=\"en_US\" \/>\n<meta property=\"og:type\" content=\"article\" \/>\n<meta property=\"og:title\" content=\"FORMATO EN EXCEL ARQUEO DE CAJA CHICA\" \/>\n<meta property=\"og:description\" content=\"Descarga nuestra hoja en Excel para realizar arqueos de caja chica f\u00e1cilmente. Controla ingresos y egresos con f\u00f3rmulas autom\u00e1ticas y resumen diario.\" \/>\n<meta property=\"og:url\" content=\"https:\/\/taxid.mx\/english\/tienda\/papel-de-trabajo\/herramientas-para-contadores\/hoja-excel-arqueo-caja-chica\/\" \/>\n<meta property=\"og:site_name\" content=\"TAX ID\" \/>\n<meta property=\"article:modified_time\" content=\"2025-10-21T04:20:36+00:00\" \/>\n<meta property=\"og:image\" content=\"https:\/\/taxid.mx\/wp-content\/uploads\/2024\/09\/PAGOS-PROVISIONALES-REGIMEN-GENERAL-TITULO-ll.png\" \/>\n\t<meta property=\"og:image:width\" content=\"2000\" \/>\n\t<meta property=\"og:image:height\" content=\"2000\" \/>\n\t<meta property=\"og:image:type\" content=\"image\/png\" \/>\n<meta name=\"twitter:card\" content=\"summary_large_image\" \/>\n<meta name=\"twitter:label1\" content=\"Est. reading time\" \/>\n\t<meta name=\"twitter:data1\" content=\"1 minute\" \/>\n<script type=\"application\/ld+json\" class=\"yoast-schema-graph\">{\"@context\":\"https:\\\/\\\/schema.org\",\"@graph\":[{\"@type\":\"WebPage\",\"@id\":\"https:\\\/\\\/taxid.mx\\\/tienda\\\/papel-de-trabajo\\\/herramientas-para-contadores\\\/hoja-excel-arqueo-caja-chica\\\/\",\"url\":\"https:\\\/\\\/taxid.mx\\\/tienda\\\/papel-de-trabajo\\\/herramientas-para-contadores\\\/hoja-excel-arqueo-caja-chica\\\/\",\"name\":\"FORMATO EN EXCEL ARQUEO DE CAJA CHICA\",\"isPartOf\":{\"@id\":\"https:\\\/\\\/taxid.mx\\\/#website\"},\"primaryImageOfPage\":{\"@id\":\"https:\\\/\\\/taxid.mx\\\/tienda\\\/papel-de-trabajo\\\/herramientas-para-contadores\\\/hoja-excel-arqueo-caja-chica\\\/#primaryimage\"},\"image\":{\"@id\":\"https:\\\/\\\/taxid.mx\\\/tienda\\\/papel-de-trabajo\\\/herramientas-para-contadores\\\/hoja-excel-arqueo-caja-chica\\\/#primaryimage\"},\"thumbnailUrl\":\"https:\\\/\\\/taxid.mx\\\/wp-content\\\/uploads\\\/2024\\\/09\\\/PAGOS-PROVISIONALES-REGIMEN-GENERAL-TITULO-ll.png\",\"datePublished\":\"2024-08-28T17:13:18+00:00\",\"dateModified\":\"2025-10-21T04:20:36+00:00\",\"description\":\"Descarga nuestra hoja en Excel para realizar arqueos de caja chica f\u00e1cilmente. Controla ingresos y egresos con f\u00f3rmulas autom\u00e1ticas y resumen diario.\",\"breadcrumb\":{\"@id\":\"https:\\\/\\\/taxid.mx\\\/tienda\\\/papel-de-trabajo\\\/herramientas-para-contadores\\\/hoja-excel-arqueo-caja-chica\\\/#breadcrumb\"},\"inLanguage\":\"en-US\",\"potentialAction\":[{\"@type\":\"ReadAction\",\"target\":[\"https:\\\/\\\/taxid.mx\\\/tienda\\\/papel-de-trabajo\\\/herramientas-para-contadores\\\/hoja-excel-arqueo-caja-chica\\\/\"]}]},{\"@type\":\"ImageObject\",\"inLanguage\":\"en-US\",\"@id\":\"https:\\\/\\\/taxid.mx\\\/tienda\\\/papel-de-trabajo\\\/herramientas-para-contadores\\\/hoja-excel-arqueo-caja-chica\\\/#primaryimage\",\"url\":\"https:\\\/\\\/taxid.mx\\\/wp-content\\\/uploads\\\/2024\\\/09\\\/PAGOS-PROVISIONALES-REGIMEN-GENERAL-TITULO-ll.png\",\"contentUrl\":\"https:\\\/\\\/taxid.mx\\\/wp-content\\\/uploads\\\/2024\\\/09\\\/PAGOS-PROVISIONALES-REGIMEN-GENERAL-TITULO-ll.png\",\"width\":2000,\"height\":2000},{\"@type\":\"BreadcrumbList\",\"@id\":\"https:\\\/\\\/taxid.mx\\\/tienda\\\/papel-de-trabajo\\\/herramientas-para-contadores\\\/hoja-excel-arqueo-caja-chica\\\/#breadcrumb\",\"itemListElement\":[{\"@type\":\"ListItem\",\"position\":1,\"name\":\"Portada\",\"item\":\"https:\\\/\\\/taxid.mx\\\/\"},{\"@type\":\"ListItem\",\"position\":2,\"name\":\"Tienda\",\"item\":\"https:\\\/\\\/taxid.mx\\\/tienda\\\/\"},{\"@type\":\"ListItem\",\"position\":3,\"name\":\"Formato formulado en Excel de arqueo de caja chica\"}]},{\"@type\":\"WebSite\",\"@id\":\"https:\\\/\\\/taxid.mx\\\/#website\",\"url\":\"https:\\\/\\\/taxid.mx\\\/\",\"name\":\"TAX ID\",\"description\":\"Despacho de contadores en M\u00e9xico\",\"potentialAction\":[{\"@type\":\"SearchAction\",\"target\":{\"@type\":\"EntryPoint\",\"urlTemplate\":\"https:\\\/\\\/taxid.mx\\\/?s={search_term_string}\"},\"query-input\":{\"@type\":\"PropertyValueSpecification\",\"valueRequired\":true,\"valueName\":\"search_term_string\"}}],\"inLanguage\":\"en-US\"}]}<\/script>\n<!-- \/ Yoast SEO plugin. -->","yoast_head_json":{"title":"FORMATO EN EXCEL ARQUEO DE CAJA CHICA","description":"Download our Excel spreadsheet to easily perform petty cash audits. Control income and expenses with automatic formulas and daily summary.","robots":{"index":"index","follow":"follow","max-snippet":"max-snippet:-1","max-image-preview":"max-image-preview:large","max-video-preview":"max-video-preview:-1"},"canonical":"https:\/\/taxid.mx\/english\/tienda\/papel-de-trabajo\/herramientas-para-contadores\/hoja-excel-arqueo-caja-chica\/","og_locale":"en_US","og_type":"article","og_title":"FORMATO EN EXCEL ARQUEO DE CAJA CHICA","og_description":"Descarga nuestra hoja en Excel para realizar arqueos de caja chica f\u00e1cilmente. Controla ingresos y egresos con f\u00f3rmulas autom\u00e1ticas y resumen diario.","og_url":"https:\/\/taxid.mx\/english\/tienda\/papel-de-trabajo\/herramientas-para-contadores\/hoja-excel-arqueo-caja-chica\/","og_site_name":"TAX ID","article_modified_time":"2025-10-21T04:20:36+00:00","og_image":[{"width":2000,"height":2000,"url":"https:\/\/taxid.mx\/wp-content\/uploads\/2024\/09\/PAGOS-PROVISIONALES-REGIMEN-GENERAL-TITULO-ll.png","type":"image\/png"}],"twitter_card":"summary_large_image","twitter_misc":{"Est. reading time":"1 minute"},"schema":{"@context":"https:\/\/schema.org","@graph":[{"@type":"WebPage","@id":"https:\/\/taxid.mx\/tienda\/papel-de-trabajo\/herramientas-para-contadores\/hoja-excel-arqueo-caja-chica\/","url":"https:\/\/taxid.mx\/tienda\/papel-de-trabajo\/herramientas-para-contadores\/hoja-excel-arqueo-caja-chica\/","name":"FORMATO EN EXCEL ARQUEO DE CAJA CHICA","isPartOf":{"@id":"https:\/\/taxid.mx\/#website"},"primaryImageOfPage":{"@id":"https:\/\/taxid.mx\/tienda\/papel-de-trabajo\/herramientas-para-contadores\/hoja-excel-arqueo-caja-chica\/#primaryimage"},"image":{"@id":"https:\/\/taxid.mx\/tienda\/papel-de-trabajo\/herramientas-para-contadores\/hoja-excel-arqueo-caja-chica\/#primaryimage"},"thumbnailUrl":"https:\/\/taxid.mx\/wp-content\/uploads\/2024\/09\/PAGOS-PROVISIONALES-REGIMEN-GENERAL-TITULO-ll.png","datePublished":"2024-08-28T17:13:18+00:00","dateModified":"2025-10-21T04:20:36+00:00","description":"Download our Excel spreadsheet to easily perform petty cash audits. Control income and expenses with automatic formulas and daily summary.","breadcrumb":{"@id":"https:\/\/taxid.mx\/tienda\/papel-de-trabajo\/herramientas-para-contadores\/hoja-excel-arqueo-caja-chica\/#breadcrumb"},"inLanguage":"en-US","potentialAction":[{"@type":"ReadAction","target":["https:\/\/taxid.mx\/tienda\/papel-de-trabajo\/herramientas-para-contadores\/hoja-excel-arqueo-caja-chica\/"]}]},{"@type":"ImageObject","inLanguage":"en-US","@id":"https:\/\/taxid.mx\/tienda\/papel-de-trabajo\/herramientas-para-contadores\/hoja-excel-arqueo-caja-chica\/#primaryimage","url":"https:\/\/taxid.mx\/wp-content\/uploads\/2024\/09\/PAGOS-PROVISIONALES-REGIMEN-GENERAL-TITULO-ll.png","contentUrl":"https:\/\/taxid.mx\/wp-content\/uploads\/2024\/09\/PAGOS-PROVISIONALES-REGIMEN-GENERAL-TITULO-ll.png","width":2000,"height":2000},{"@type":"BreadcrumbList","@id":"https:\/\/taxid.mx\/tienda\/papel-de-trabajo\/herramientas-para-contadores\/hoja-excel-arqueo-caja-chica\/#breadcrumb","itemListElement":[{"@type":"ListItem","position":1,"name":"Portada","item":"https:\/\/taxid.mx\/"},{"@type":"ListItem","position":2,"name":"Tienda","item":"https:\/\/taxid.mx\/tienda\/"},{"@type":"ListItem","position":3,"name":"Formato formulado en Excel de arqueo de caja chica"}]},{"@type":"WebSite","@id":"https:\/\/taxid.mx\/#website","url":"https:\/\/taxid.mx\/","name":"TAX-ID","description":"Accounting firm in Mexico","potentialAction":[{"@type":"SearchAction","target":{"@type":"EntryPoint","urlTemplate":"https:\/\/taxid.mx\/?s={search_term_string}"},"query-input":{"@type":"PropertyValueSpecification","valueRequired":true,"valueName":"search_term_string"}}],"inLanguage":"en-US"}]}},"_links":{"self":[{"href":"https:\/\/taxid.mx\/english\/wp-json\/wp\/v2\/product\/3063","targetHints":{"allow":["GET"]}}],"collection":[{"href":"https:\/\/taxid.mx\/english\/wp-json\/wp\/v2\/product"}],"about":[{"href":"https:\/\/taxid.mx\/english\/wp-json\/wp\/v2\/types\/product"}],"replies":[{"embeddable":true,"href":"https:\/\/taxid.mx\/english\/wp-json\/wp\/v2\/comments?post=3063"}],"wp:featuredmedia":[{"embeddable":true,"href":"https:\/\/taxid.mx\/english\/wp-json\/wp\/v2\/media\/3668"}],"wp:attachment":[{"href":"https:\/\/taxid.mx\/english\/wp-json\/wp\/v2\/media?parent=3063"}],"wp:term":[{"taxonomy":"product_brand","embeddable":true,"href":"https:\/\/taxid.mx\/english\/wp-json\/wp\/v2\/product_brand?post=3063"},{"taxonomy":"product_cat","embeddable":true,"href":"https:\/\/taxid.mx\/english\/wp-json\/wp\/v2\/product_cat?post=3063"},{"taxonomy":"product_tag","embeddable":true,"href":"https:\/\/taxid.mx\/english\/wp-json\/wp\/v2\/product_tag?post=3063"}],"curies":[{"name":"wp","href":"https:\/\/api.w.org\/{rel}","templated":true}]}}